tens digit of 352104111?
1
What is the hundred thousands digit of 155601415?
6
What is the ten millions digit of 632649144?
3
What is the units digit of 1520810890?
0
What is the ten thousands digit of 76271218?
7
What is the hundred thousands digit of 238497981?
4
What is the units digit of 112370496?
6
What is the millions digit of 44552434?
4
What is the units digit of 25355422?
2
What is the units digit of 6183212546?
6
What is the units digit of 11702947?
7
What is the ten millions digit of 5089090674?
8
What is the tens digit of 8981504?
0
What is the hundreds digit of 26263283?
2
What is the hundred thousands digit of 41483259?
4
What is the ten thousands digit of 5202455?
0
What is the hundred thousands digit of 86988898?
9
What is the ten millions digit of 70444178?
7
What is the millions digit of 40567127?
0
What is the ten thousands digit of 420441781?
4
What is the ten millions digit of 166976850?
6
What is the units digit of 243641625?
5
What is the millions digit of 1002273711?
2
What is the hundred thousands digit of 534229780?
2
What is the thousands digit of 113272940?
2
What is the units digit of 612125283?
3
What is the millions digit of 5382347432?
2
What is the ten thousands digit of 140387761?
8
What is the ten millions digit of 69255729?
6
What is the hundred thousands digit of 22219590?
2
What is the hundred thousands digit of 287326308?
3
What is the ten millions digit of 2352626257?
5
What is the millions digit of 41404795?
1
What is the ten millions digit of 396745658?
9
What is the tens digit of 256038627?
2
What is the billions digit of 2550758333?
2
What is the thousands digit of 20646651?
6
What is the ten thousands digit of 30943102?
4
What is the ten millions digit of 124986573?
2
What is the ten thousands digit of 26700469?
0
What is the ten millions digit of 8437915621?
3
What is the hundred thousands digit of 215847190?
8
What is the hundreds digit of 643227813?
8
What is the hundreds digit of 768338507?
5
What is the hundred millions digit of 632143712?
6
What is the tens digit of 129733335?
3
What is the hundreds digit of 6883725545?
5
What is the billions digit of 1132792806?
1
What is the thousands digit of 592544533?
4
What is the units digit of 2071091801?
1
What is the units digit of 260175065?
5
What is the tens digit of 82708249?
4
What is the ten thousands digit of 158546982?
4
What is the thousands digit of 32559216?
9
What is the tens digit of 116067654?
5
What is the units digit of 3830404?
4
What is the ten millions digit of 92523591?
9
What is the ten millions digit of 1907180623?
0
What is the thousands digit of 760148098?
8
What is the millions digit of 33452732?
3
What is the tens digit of 327684842?
4
What is the ten millions digit of 22677326?
2
What is the ten millions digit of 1967846955?
6
What is the ten millions digit of 155175228?
5
What is the millions digit of 583618453?
3
What is the hundred thousands digit of 284772382?
7
What is the ten thousands digit of 528144443?
4
What is the millions digit of 3159443?
3
What is the millions digit of 208518455?
8
What is the millions digit of 1849729497?
9
What is the thousands digit of 212862111?
2
What is the ten millions digit of 773818193?
7
What is the thousands digit of 348816238?
6
What is the thousands digit of 504167381?
7
What is the units digit of 15374878?
8
What is the tens digit of 341792607?
0
What is the ten millions digit of 4731002214?
3
What is the thousands digit of 100945190?
5
What is the thousands digit of 6706362200?
2
What is the hundred thousands digit of 3804926875?
9
What is the tens digit of 248075054?
5
What is the units digit of 48266674?
4
What is the ten thousands digit of 1616119678?
1
What is the units digit of 629482359?
9
What is the tens digit of 24939651?
5
What is the hundred millions digit of 1995578374?
9
What is the millions digit of 48718876?
8
What is the tens digit of 931607692?
9
What is the units digit of 23009713?
3
What is the thousands digit of 882660454?
0
What is the units digit of 37838884?
4
What is the hundreds digit of 21045663?
6
What is the billions digit of 1020814794?
1
What is the ten thousands digit of 297358876?
5
What is the units digit of 104213984?
4
What is the units digit of 1147000108?
8
What is the thousands digit of 2304712245?
2
What is the hundred thousands digit of 3577304962?
3
What is the units digit of 3703587305?
5
What is the hundreds digit of 26505327?
3
What is the thousands digit of 66408882?
8
What is the millions digit of 188651561?
8
What is the units digit of 148003719?
9
What is the ten millions digit of 1362619591?
6
What is the hundreds digit of 10219970?
9
What is the tens digit of 4010087814?
1
What is the hundreds digit of 75172329?
3
What is the thousands digit of 380030648?
0
What is the units digit of 755180417?
7
What is the thousands digit of 2435224127?
4
What is the millions digit of 51231855?
1
What is the hundreds digit of 821019492?
4
What is the hundreds digit of 917529956?
9
What is the thousands digit of 287825061?
5
What is the units digit of 7175309071?
1
What is the ten millions digit of 1217775486?
1
What is the ten thousands digit of 4522848344?
4
What is the tens digit of 219267991?
9
What is the millions digit of 525499836?
5
What is the hundred thousands digit of 1900665609?
6
What is the ten millions digit of 1021517844?
2
What is the hundreds digit of 1801945637?
6
What is the units digit of 99306369?
9
What is the tens digit of 184860384?
8
What is the thousands digit of 9755733?
5
What is the hundreds digit of 225114902?
9
What is the ten millions digit of 226078841?
2
What is the tens digit of 281638059?
5
What is the millions digit of 44675038?
4
What is the hundred thousands digit of 713290754?
2
What is the thousands digit of 393620582?
0
What is the ten millions digit of 46367132?
4
What is the ten millions digit of 4866419174?
6
What is the hundred millions digit of 1797173854?
7
What is the thousands digit of 348903211?
3
What is the millions digit of 555909894?
5
What is the hundred thousands digit of 473900027?
9
What is the hundreds digit of 174282969?
9
What is the thousands digit of 1816353927?
3
What is the hundreds digit of 53166722?
7
What is the units digit of 382699987?
7
What is the units digit of 423375677?
7
What is the tens digit of 155036918?
1
What is the hundreds digit of 102152671?
6
What is the hundred millions digit of 1944420896?
9
What is the thousands digit of 62093132?
3
What is the hundred thousands digit of 1346610205?
6
What is the hundreds digit of 147180464?
4
What is the millions digit of 146414685?
6
What is the thousands digit of 490804357?
4
What is the tens digit of 182396503?
0
What is the millions digit of 3256834702?
6
What is the hundred thousands digit of 634058817?
0
What is the millions digit of 95327997?
5
What is the hundreds digit of 56117277?
2
What is the hundred thousands digit of 320473141?
4
What is the units digit of 4642147740?
0
What is the thousands digit of 78260980?
0
What is the millions digit of 2884622132?
4
What is the hundreds digit of 1288850319?
3
What is the ten millions digit of 4323840351?
2
What is the hundred millions digit of 172289999?
1
What is the thousands digit of 1583406704?
6
What is the ten millions digit of 12134475?
1
What is the billions digit of 3690056460?
3
What is the tens digit of 339005070?
7
What is the hundred millions digit of 109787276?
1
What is the hundred thousands digit of 503257150?
2
What is the hundreds digit of 303324952?
9
What is the thousands digit of 35630727?
0
What is the units digit of 69485777?
7
What is the tens digit of 72937185?
8
What is the units digit of 139782331?
1
What is the ten millions digit of 36894289?
3
What is the hundred millions digit of 353155108?
3
What is the ten thousands digit of 1264673636?
7
What is the tens digit of 61723361?
6
What is the hundreds digit of 61315196?
1
What is the ten thousands digit of 17989066?
8
What is the thousands digit of 37956730?
6
What is the ten thousands digit of 6099028184?
2
What is the units digit of 5238098264?
4
What is the millions digit of 5683195?
5
What is the units digit of 1060918244?
4
What is the hundred thousands digit of 315019211?
0
What is